{"id":32141,"date":"2021-03-05T14:07:49","date_gmt":"2021-03-05T13:07:49","guid":{"rendered":"https:\/\/campralodge.ch\/evenements\/"},"modified":"2025-03-11T12:26:24","modified_gmt":"2025-03-11T11:26:24","slug":"evenements","status":"publish","type":"page","link":"https:\/\/campralodge.ch\/fr\/evenements\/","title":{"rendered":"Calendrier des \u00e9v\u00e9nements"},"content":{"rendered":"<div class=\"wpb-content-wrapper\"><p>[vc_row][vc_column]<div class=\"dfd-spacer-module\"  data-units=\"px\" data-wide_resolution=\"1280\" data-wide_size=\"100\" data-normal_resolution=\"1024\" data-normal_size=\"100\" data-tablet_resolution=\"800\" data-tablet_size=\"80\" data-mobile_resolution=\"480\" data-mobile_size=\"60\" style=\"height: 100px;\"><\/div>[vc_column_text css=\u00a0\u00bb\u00a0\u00bb]Ne manquez pas les diff\u00e9rents \u00e9v\u00e9nements gastronomiques, sportifs et familiaux programm\u00e9s au Campra Alpine Lodge &amp; Spa. Consultez nos calendrier.[\/vc_column_text][\/vc_column][\/vc_row][vc_row][vc_column][vc_column_text]<div class=\"mec-wrap mec-skin-list-container  \" id=\"mec_skin_32072\">\r\n    \r\n    <div id=\"mec_search_form_32072\" class=\"mec-search-form mec-totalcal-box\"><div class=\"mec-dropdown-wrap\"><div class=\"mec-dropdown-search\"><i class=\"mec-sl-folder\"><\/i><select name=' ' id='mec_sf_category_32072' class='postform'>\n\t<option value='' selected='selected'>Cat\u00e9gorie<\/option>\n\t<option class=\"level-0\" value=\"39\">Famille<\/option>\n\t<option class=\"level-0\" value=\"47\">F\u00eates<\/option>\n\t<option class=\"level-0\" value=\"38\">Gastronomie<\/option>\n\t<option class=\"level-0\" value=\"52\">Sport et Nature<\/option>\n<\/select>\n<\/div><\/div><\/div>\r\n        <div class=\"mec-skin-list-events-container\" id=\"mec_skin_events_32072\">\r\n        Pas d&#039;\u00e9v\u00e9nement actuellement programm\u00e9.    <\/div>\r\n        \r\n        \r\n<\/div>[\/vc_column_text][\/vc_column][\/vc_row][vc_row][vc_column]<div class=\"dfd-spacer-module\"  data-units=\"px\" data-wide_resolution=\"1280\" data-wide_size=\"100\" data-normal_resolution=\"1024\" data-normal_size=\"100\" data-tablet_resolution=\"800\" data-tablet_size=\"80\" data-mobile_resolution=\"480\" data-mobile_size=\"60\" style=\"height: 100px;\"><\/div>[\/vc_column][\/vc_row]<\/p>\n<\/div>","protected":false},"excerpt":{"rendered":"<p>[vc_row][vc_column][vc_column_text css=\u00a0\u00bb\u00a0\u00bb]Ne manquez pas les diff\u00e9rents \u00e9v\u00e9nements gastronomiques, sportifs et familiaux programm\u00e9s au Campra Alpine Lodge &amp; Spa. Consultez nos calendrier.[\/vc_column_text][\/vc_column][\/vc_row][vc_row][vc_column][vc_column_text][\/vc_column_text][\/vc_column][\/vc_row][vc_row][vc_column][\/vc_column][\/vc_row]<\/p>\n","protected":false},"author":2,"featured_media":37908,"parent":0,"menu_order":0,"comment_status":"closed","ping_status":"closed","template":"page-custom.php","meta":{"inline_featured_image":false,"_monsterinsights_skip_tracking":false,"_monsterinsights_sitenote_active":false,"_monsterinsights_sitenote_note":"","_monsterinsights_sitenote_category":0,"footnotes":""},"class_list":["post-32141","page","type-page","status-publish","has-post-thumbnail","hentry"],"yoast_head":"<!-- This site is optimized with the Yoast SEO plugin v27.5 - https:\/\/yoast.com\/product\/yoast-seo-wordpress\/ -->\n<title>Calendrier des \u00e9v\u00e9nements et Gastronomie - Campra Alpine Lodge &amp; Spa<\/title>\n<meta name=\"description\" content=\"Ne manquez pas les diff\u00e9rents \u00e9v\u00e9nements gastronomiques, sportifs et familiaux programm\u00e9s au Campra Alpine Lodge &amp; Spa. Consultez nos calendrier.\" \/>\n<meta name=\"robots\" content=\"index, follow, max-snippet:-1, max-image-preview:large, max-video-preview:-1\" \/>\n<link rel=\"canonical\" href=\"https:\/\/campralodge.ch\/fr\/evenements\/\" \/>\n<meta property=\"og:locale\" content=\"fr_FR\" \/>\n<meta property=\"og:type\" content=\"article\" \/>\n<meta property=\"og:title\" content=\"Calendrier des \u00e9v\u00e9nements et Gastronomie - Campra Alpine Lodge &amp; Spa\" \/>\n<meta property=\"og:description\" content=\"Ne manquez pas les diff\u00e9rents \u00e9v\u00e9nements gastronomiques, sportifs et familiaux programm\u00e9s au Campra Alpine Lodge &amp; Spa. Consultez nos calendrier.\" \/>\n<meta property=\"og:url\" content=\"https:\/\/campralodge.ch\/fr\/evenements\/\" \/>\n<meta property=\"og:site_name\" content=\"Campra Alpine Lodge &amp; Spa\" \/>\n<meta property=\"article:publisher\" content=\"https:\/\/www.facebook.com\/campralodge\/?modal=admin_todo_tour\" \/>\n<meta property=\"article:modified_time\" content=\"2025-03-11T11:26:24+00:00\" \/>\n<meta property=\"og:image\" content=\"https:\/\/campralodge.ch\/wp-content\/uploads\/2020\/07\/DSC_3133web.jpg\" \/>\n\t<meta property=\"og:image:width\" content=\"2500\" \/>\n\t<meta property=\"og:image:height\" content=\"1667\" \/>\n\t<meta property=\"og:image:type\" content=\"image\/jpeg\" \/>\n<meta name=\"twitter:card\" content=\"summary_large_image\" \/>\n<meta name=\"twitter:label1\" content=\"Dur\u00e9e de lecture estim\u00e9e\" \/>\n\t<meta name=\"twitter:data1\" content=\"1 minute\" \/>\n<script type=\"application\/ld+json\" class=\"yoast-schema-graph\">{\"@context\":\"https:\\\/\\\/schema.org\",\"@graph\":[{\"@type\":\"WebPage\",\"@id\":\"https:\\\/\\\/campralodge.ch\\\/fr\\\/evenements\\\/\",\"url\":\"https:\\\/\\\/campralodge.ch\\\/fr\\\/evenements\\\/\",\"name\":\"Calendrier des \u00e9v\u00e9nements et Gastronomie - Campra Alpine Lodge &amp; Spa\",\"isPartOf\":{\"@id\":\"https:\\\/\\\/campralodge.ch\\\/fr\\\/#website\"},\"primaryImageOfPage\":{\"@id\":\"https:\\\/\\\/campralodge.ch\\\/fr\\\/evenements\\\/#primaryimage\"},\"image\":{\"@id\":\"https:\\\/\\\/campralodge.ch\\\/fr\\\/evenements\\\/#primaryimage\"},\"thumbnailUrl\":\"https:\\\/\\\/campralodge.ch\\\/wp-content\\\/uploads\\\/2025\\\/04\\\/3369_001-1-pdf.jpg\",\"datePublished\":\"2021-03-05T13:07:49+00:00\",\"dateModified\":\"2025-03-11T11:26:24+00:00\",\"description\":\"Ne manquez pas les diff\u00e9rents \u00e9v\u00e9nements gastronomiques, sportifs et familiaux programm\u00e9s au Campra Alpine Lodge & Spa. Consultez nos calendrier.\",\"breadcrumb\":{\"@id\":\"https:\\\/\\\/campralodge.ch\\\/fr\\\/evenements\\\/#breadcrumb\"},\"inLanguage\":\"fr-FR\",\"potentialAction\":[{\"@type\":\"ReadAction\",\"target\":[\"https:\\\/\\\/campralodge.ch\\\/fr\\\/evenements\\\/\"]}]},{\"@type\":\"ImageObject\",\"inLanguage\":\"fr-FR\",\"@id\":\"https:\\\/\\\/campralodge.ch\\\/fr\\\/evenements\\\/#primaryimage\",\"url\":\"https:\\\/\\\/campralodge.ch\\\/wp-content\\\/uploads\\\/2025\\\/04\\\/3369_001-1-pdf.jpg\",\"contentUrl\":\"https:\\\/\\\/campralodge.ch\\\/wp-content\\\/uploads\\\/2025\\\/04\\\/3369_001-1-pdf.jpg\"},{\"@type\":\"BreadcrumbList\",\"@id\":\"https:\\\/\\\/campralodge.ch\\\/fr\\\/evenements\\\/#breadcrumb\",\"itemListElement\":[{\"@type\":\"ListItem\",\"position\":1,\"name\":\"Home\",\"item\":\"https:\\\/\\\/campralodge.ch\\\/fr\\\/\"},{\"@type\":\"ListItem\",\"position\":2,\"name\":\"Calendrier des \u00e9v\u00e9nements\"}]},{\"@type\":\"WebSite\",\"@id\":\"https:\\\/\\\/campralodge.ch\\\/fr\\\/#website\",\"url\":\"https:\\\/\\\/campralodge.ch\\\/fr\\\/\",\"name\":\"Campra Alpine Lodge &amp; Spa\",\"description\":\"Valle di Blenio\",\"publisher\":{\"@id\":\"https:\\\/\\\/campralodge.ch\\\/fr\\\/#organization\"},\"potentialAction\":[{\"@type\":\"SearchAction\",\"target\":{\"@type\":\"EntryPoint\",\"urlTemplate\":\"https:\\\/\\\/campralodge.ch\\\/fr\\\/?s={search_term_string}\"},\"query-input\":{\"@type\":\"PropertyValueSpecification\",\"valueRequired\":true,\"valueName\":\"search_term_string\"}}],\"inLanguage\":\"fr-FR\"},{\"@type\":\"Organization\",\"@id\":\"https:\\\/\\\/campralodge.ch\\\/fr\\\/#organization\",\"name\":\"Campra Alpine Lodge & Spa\",\"url\":\"https:\\\/\\\/campralodge.ch\\\/fr\\\/\",\"logo\":{\"@type\":\"ImageObject\",\"inLanguage\":\"fr-FR\",\"@id\":\"https:\\\/\\\/campralodge.ch\\\/fr\\\/#\\\/schema\\\/logo\\\/image\\\/\",\"url\":\"https:\\\/\\\/campralodge.ch\\\/wp-content\\\/uploads\\\/2020\\\/04\\\/campralodge_logo_positivo.svg\",\"contentUrl\":\"https:\\\/\\\/campralodge.ch\\\/wp-content\\\/uploads\\\/2020\\\/04\\\/campralodge_logo_positivo.svg\",\"width\":\"1024\",\"height\":\"1024\",\"caption\":\"Campra Alpine Lodge & Spa\"},\"image\":{\"@id\":\"https:\\\/\\\/campralodge.ch\\\/fr\\\/#\\\/schema\\\/logo\\\/image\\\/\"},\"sameAs\":[\"https:\\\/\\\/www.facebook.com\\\/campralodge\\\/?modal=admin_todo_tour\",\"https:\\\/\\\/www.instagram.com\\\/campralodge\\\/\"]}]}<\/script>\n<!-- \/ Yoast SEO plugin. -->","yoast_head_json":{"title":"Calendrier des \u00e9v\u00e9nements et Gastronomie - Campra Alpine Lodge &amp; Spa","description":"Ne manquez pas les diff\u00e9rents \u00e9v\u00e9nements gastronomiques, sportifs et familiaux programm\u00e9s au Campra Alpine Lodge & Spa. Consultez nos calendrier.","robots":{"index":"index","follow":"follow","max-snippet":"max-snippet:-1","max-image-preview":"max-image-preview:large","max-video-preview":"max-video-preview:-1"},"canonical":"https:\/\/campralodge.ch\/fr\/evenements\/","og_locale":"fr_FR","og_type":"article","og_title":"Calendrier des \u00e9v\u00e9nements et Gastronomie - Campra Alpine Lodge &amp; Spa","og_description":"Ne manquez pas les diff\u00e9rents \u00e9v\u00e9nements gastronomiques, sportifs et familiaux programm\u00e9s au Campra Alpine Lodge & Spa. Consultez nos calendrier.","og_url":"https:\/\/campralodge.ch\/fr\/evenements\/","og_site_name":"Campra Alpine Lodge &amp; Spa","article_publisher":"https:\/\/www.facebook.com\/campralodge\/?modal=admin_todo_tour","article_modified_time":"2025-03-11T11:26:24+00:00","og_image":[{"width":2500,"height":1667,"url":"https:\/\/campralodge.ch\/wp-content\/uploads\/2020\/07\/DSC_3133web.jpg","type":"image\/jpeg"}],"twitter_card":"summary_large_image","twitter_misc":{"Dur\u00e9e de lecture estim\u00e9e":"1 minute"},"schema":{"@context":"https:\/\/schema.org","@graph":[{"@type":"WebPage","@id":"https:\/\/campralodge.ch\/fr\/evenements\/","url":"https:\/\/campralodge.ch\/fr\/evenements\/","name":"Calendrier des \u00e9v\u00e9nements et Gastronomie - Campra Alpine Lodge &amp; Spa","isPartOf":{"@id":"https:\/\/campralodge.ch\/fr\/#website"},"primaryImageOfPage":{"@id":"https:\/\/campralodge.ch\/fr\/evenements\/#primaryimage"},"image":{"@id":"https:\/\/campralodge.ch\/fr\/evenements\/#primaryimage"},"thumbnailUrl":"https:\/\/campralodge.ch\/wp-content\/uploads\/2025\/04\/3369_001-1-pdf.jpg","datePublished":"2021-03-05T13:07:49+00:00","dateModified":"2025-03-11T11:26:24+00:00","description":"Ne manquez pas les diff\u00e9rents \u00e9v\u00e9nements gastronomiques, sportifs et familiaux programm\u00e9s au Campra Alpine Lodge & Spa. Consultez nos calendrier.","breadcrumb":{"@id":"https:\/\/campralodge.ch\/fr\/evenements\/#breadcrumb"},"inLanguage":"fr-FR","potentialAction":[{"@type":"ReadAction","target":["https:\/\/campralodge.ch\/fr\/evenements\/"]}]},{"@type":"ImageObject","inLanguage":"fr-FR","@id":"https:\/\/campralodge.ch\/fr\/evenements\/#primaryimage","url":"https:\/\/campralodge.ch\/wp-content\/uploads\/2025\/04\/3369_001-1-pdf.jpg","contentUrl":"https:\/\/campralodge.ch\/wp-content\/uploads\/2025\/04\/3369_001-1-pdf.jpg"},{"@type":"BreadcrumbList","@id":"https:\/\/campralodge.ch\/fr\/evenements\/#breadcrumb","itemListElement":[{"@type":"ListItem","position":1,"name":"Home","item":"https:\/\/campralodge.ch\/fr\/"},{"@type":"ListItem","position":2,"name":"Calendrier des \u00e9v\u00e9nements"}]},{"@type":"WebSite","@id":"https:\/\/campralodge.ch\/fr\/#website","url":"https:\/\/campralodge.ch\/fr\/","name":"Campra Alpine Lodge &amp; Spa","description":"Valle di Blenio","publisher":{"@id":"https:\/\/campralodge.ch\/fr\/#organization"},"potentialAction":[{"@type":"SearchAction","target":{"@type":"EntryPoint","urlTemplate":"https:\/\/campralodge.ch\/fr\/?s={search_term_string}"},"query-input":{"@type":"PropertyValueSpecification","valueRequired":true,"valueName":"search_term_string"}}],"inLanguage":"fr-FR"},{"@type":"Organization","@id":"https:\/\/campralodge.ch\/fr\/#organization","name":"Campra Alpine Lodge & Spa","url":"https:\/\/campralodge.ch\/fr\/","logo":{"@type":"ImageObject","inLanguage":"fr-FR","@id":"https:\/\/campralodge.ch\/fr\/#\/schema\/logo\/image\/","url":"https:\/\/campralodge.ch\/wp-content\/uploads\/2020\/04\/campralodge_logo_positivo.svg","contentUrl":"https:\/\/campralodge.ch\/wp-content\/uploads\/2020\/04\/campralodge_logo_positivo.svg","width":"1024","height":"1024","caption":"Campra Alpine Lodge & Spa"},"image":{"@id":"https:\/\/campralodge.ch\/fr\/#\/schema\/logo\/image\/"},"sameAs":["https:\/\/www.facebook.com\/campralodge\/?modal=admin_todo_tour","https:\/\/www.instagram.com\/campralodge\/"]}]}},"_links":{"self":[{"href":"https:\/\/campralodge.ch\/fr\/wp-json\/wp\/v2\/pages\/32141","targetHints":{"allow":["GET"]}}],"collection":[{"href":"https:\/\/campralodge.ch\/fr\/wp-json\/wp\/v2\/pages"}],"about":[{"href":"https:\/\/campralodge.ch\/fr\/wp-json\/wp\/v2\/types\/page"}],"author":[{"embeddable":true,"href":"https:\/\/campralodge.ch\/fr\/wp-json\/wp\/v2\/users\/2"}],"replies":[{"embeddable":true,"href":"https:\/\/campralodge.ch\/fr\/wp-json\/wp\/v2\/comments?post=32141"}],"version-history":[{"count":3,"href":"https:\/\/campralodge.ch\/fr\/wp-json\/wp\/v2\/pages\/32141\/revisions"}],"predecessor-version":[{"id":37642,"href":"https:\/\/campralodge.ch\/fr\/wp-json\/wp\/v2\/pages\/32141\/revisions\/37642"}],"wp:featuredmedia":[{"embeddable":true,"href":"https:\/\/campralodge.ch\/fr\/wp-json\/wp\/v2\/media\/37908"}],"wp:attachment":[{"href":"https:\/\/campralodge.ch\/fr\/wp-json\/wp\/v2\/media?parent=32141"}],"curies":[{"name":"wp","href":"https:\/\/api.w.org\/{rel}","templated":true}]}}

Calendrier des événements

<div class="wpb-content-wrapper"><p>[vc_row][vc_column]<div class="dfd-spacer-module"  data-units="px" data-wide_resolution="1280" data-wide_size="100" data-normal_resolution="1024" data-normal_size="100" data-tablet_resolution="800" data-tablet_size="80" data-mobile_resolution="480" data-mobile_size="60" style="height: 100px;"></div>[vc_column_text css= » »]Ne manquez pas les différents événements gastronomiques, sportifs et familiaux programmés au Campra Alpine Lodge &amp; Spa. Consultez nos calendrier.[/vc_column_text][/vc_column][/vc_row][vc_row][vc_column][vc_column_text]<div class="mec-wrap mec-skin-list-container  " id="mec_skin_32072">
    
    <div id="mec_search_form_32072" class="mec-search-form mec-totalcal-box"><div class="mec-dropdown-wrap"><div class="mec-dropdown-search"><i class="mec-sl-folder"></i><select name=' ' id='mec_sf_category_32072' class='postform'>
	<option value='' selected='selected'>Catégorie</option>
	<option class="level-0" value="39">Famille</option>
	<option class="level-0" value="47">Fêtes</option>
	<option class="level-0" value="38">Gastronomie</option>
	<option class="level-0" value="52">Sport et Nature</option>
</select>
</div></div></div>
        <div class="mec-skin-list-events-container" id="mec_skin_events_32072">
        Pas d&#039;événement actuellement programmé.    </div>
        
        
</div>[/vc_column_text][/vc_column][/vc_row][vc_row][vc_column]<div class="dfd-spacer-module"  data-units="px" data-wide_resolution="1280" data-wide_size="100" data-normal_resolution="1024" data-normal_size="100" data-tablet_resolution="800" data-tablet_size="80" data-mobile_resolution="480" data-mobile_size="60" style="height: 100px;"></div>[/vc_column][/vc_row]</p>
</div>

<p>[vc_row][vc_column][vc_column_text css= » »]Ne manquez pas les différents événements gastronomiques, sportifs et familiaux programmés au Campra Alpine Lodge &amp; Spa. Consultez nos calendrier.[/vc_column_text][/vc_column][/vc_row][vc_row][vc_column][vc_column_text][/vc_column_text][/vc_column][/vc_row][vc_row][vc_column][/vc_column][/vc_row]</p>

<!-- This site is optimized with the Yoast SEO plugin v27.5 - https://yoast.com/product/yoast-seo-wordpress/ -->
<title>Calendrier des événements et Gastronomie - Campra Alpine Lodge &amp; Spa</title>
<meta name="description" content="Ne manquez pas les différents événements gastronomiques, sportifs et familiaux programmés au Campra Alpine Lodge &amp; Spa. Consultez nos calendrier." />
<meta name="robots" content="index, follow, max-snippet:-1, max-image-preview:large, max-video-preview:-1" />
<link rel="canonical" href="https://campralodge.ch/fr/evenements/" />
<meta property="og:locale" content="fr_FR" />
<meta property="og:type" content="article" />
<meta property="og:title" content="Calendrier des événements et Gastronomie - Campra Alpine Lodge &amp; Spa" />
<meta property="og:description" content="Ne manquez pas les différents événements gastronomiques, sportifs et familiaux programmés au Campra Alpine Lodge &amp; Spa. Consultez nos calendrier." />
<meta property="og:url" content="https://campralodge.ch/fr/evenements/" />
<meta property="og:site_name" content="Campra Alpine Lodge &amp; Spa" />
<meta property="article:publisher" content="https://www.facebook.com/campralodge/?modal=admin_todo_tour" />
<meta property="article:modified_time" content="2025-03-11T11:26:24+00:00" />
<meta property="og:image" content="https://campralodge.ch/wp-content/uploads/2020/07/DSC_3133web.jpg" />
	<meta property="og:image:width" content="2500" />
	<meta property="og:image:height" content="1667" />
	<meta property="og:image:type" content="image/jpeg" />
<meta name="twitter:card" content="summary_large_image" />
<meta name="twitter:label1" content="Durée de lecture estimée" />
	<meta name="twitter:data1" content="1 minute" />
<script type="application/ld+json" class="yoast-schema-graph">{"@context":"https:\/\/schema.org","@graph":[{"@type":"WebPage","@id":"https:\/\/campralodge.ch\/fr\/evenements\/","url":"https:\/\/campralodge.ch\/fr\/evenements\/","name":"Calendrier des événements et Gastronomie - Campra Alpine Lodge &amp; Spa","isPartOf":{"@id":"https:\/\/campralodge.ch\/fr\/#website"},"primaryImageOfPage":{"@id":"https:\/\/campralodge.ch\/fr\/evenements\/#primaryimage"},"image":{"@id":"https:\/\/campralodge.ch\/fr\/evenements\/#primaryimage"},"thumbnailUrl":"https:\/\/campralodge.ch\/wp-content\/uploads\/2025\/04\/3369_001-1-pdf.jpg","datePublished":"2021-03-05T13:07:49+00:00","dateModified":"2025-03-11T11:26:24+00:00","description":"Ne manquez pas les différents événements gastronomiques, sportifs et familiaux programmés au Campra Alpine Lodge & Spa. Consultez nos calendrier.","breadcrumb":{"@id":"https:\/\/campralodge.ch\/fr\/evenements\/#breadcrumb"},"inLanguage":"fr-FR","potentialAction":[{"@type":"ReadAction","target":["https:\/\/campralodge.ch\/fr\/evenements\/"]}]},{"@type":"ImageObject","inLanguage":"fr-FR","@id":"https:\/\/campralodge.ch\/fr\/evenements\/#primaryimage","url":"https:\/\/campralodge.ch\/wp-content\/uploads\/2025\/04\/3369_001-1-pdf.jpg","contentUrl":"https:\/\/campralodge.ch\/wp-content\/uploads\/2025\/04\/3369_001-1-pdf.jpg"},{"@type":"BreadcrumbList","@id":"https:\/\/campralodge.ch\/fr\/evenements\/#breadcrumb","itemListElement":[{"@type":"ListItem","position":1,"name":"Home","item":"https:\/\/campralodge.ch\/fr\/"},{"@type":"ListItem","position":2,"name":"Calendrier des événements"}]},{"@type":"WebSite","@id":"https:\/\/campralodge.ch\/fr\/#website","url":"https:\/\/campralodge.ch\/fr\/","name":"Campra Alpine Lodge &amp; Spa","description":"Valle di Blenio","publisher":{"@id":"https:\/\/campralodge.ch\/fr\/#organization"},"potentialAction":[{"@type":"SearchAction","target":{"@type":"EntryPoint","urlTemplate":"https:\/\/campralodge.ch\/fr\/?s={search_term_string}"},"query-input":{"@type":"PropertyValueSpecification","valueRequired":true,"valueName":"search_term_string"}}],"inLanguage":"fr-FR"},{"@type":"Organization","@id":"https:\/\/campralodge.ch\/fr\/#organization","name":"Campra Alpine Lodge & Spa","url":"https:\/\/campralodge.ch\/fr\/","logo":{"@type":"ImageObject","inLanguage":"fr-FR","@id":"https:\/\/campralodge.ch\/fr\/#\/schema\/logo\/image\/","url":"https:\/\/campralodge.ch\/wp-content\/uploads\/2020\/04\/campralodge_logo_positivo.svg","contentUrl":"https:\/\/campralodge.ch\/wp-content\/uploads\/2020\/04\/campralodge_logo_positivo.svg","width":"1024","height":"1024","caption":"Campra Alpine Lodge & Spa"},"image":{"@id":"https:\/\/campralodge.ch\/fr\/#\/schema\/logo\/image\/"},"sameAs":["https:\/\/www.facebook.com\/campralodge\/?modal=admin_todo_tour","https:\/\/www.instagram.com\/campralodge\/"]}]}</script>
<!-- / Yoast SEO plugin. -->

Calendrier des événements et Gastronomie - Campra Alpine Lodge &amp; Spa

Ne manquez pas les différents événements gastronomiques, sportifs et familiaux programmés au Campra Alpine Lodge & Spa. Consultez nos calendrier.
