{"id":34091,"date":"2022-02-28T09:26:10","date_gmt":"2022-02-28T08:26:10","guid":{"rendered":"https:\/\/campralodge.ch\/events\/orientierungslauf-ticino-doetra\/"},"modified":"2022-02-28T09:26:10","modified_gmt":"2022-02-28T08:26:10","slug":"orientierungslauf-ticino-doetra","status":"publish","type":"mec-events","link":"https:\/\/campralodge.ch\/de\/events\/orientierungslauf-ticino-doetra\/","title":{"rendered":"Orientierungslauf Ticino &#8211; D\u00f6tra"},"content":{"rendered":"<p>Die Vereine O-92 Piano di Magadino und ASCO Lugano organisieren zwei nationale Orientierungsl\u00e4ufe im oberen Bleniotal, die auch als Weltranglistenl\u00e4ufe gelten. Die zweite Veranstaltung findet am Sonntag, dem 28. August, mit einem Langstreckenrennen in D\u00f6tra-Anveuda statt.<\/p>\n","protected":false},"excerpt":{"rendered":"<p>Die Vereine O-92 Piano di Magadino und ASCO Lugano organisieren zwei nationale Orientierungsl\u00e4ufe im oberen Bleniotal, die auch als Weltranglistenl\u00e4ufe gelten. Die zweite Veranstaltung findet am Sonntag, dem 28. August,<\/p>\n","protected":false},"author":2,"featured_media":34095,"template":"","tags":[],"mec_category":[51],"class_list":["post-34091","mec-events","type-mec-events","status-publish","has-post-thumbnail","hentry","mec_category-sport-natur"],"yoast_head":"<!-- This site is optimized with the Yoast SEO plugin v27.5 - https:\/\/yoast.com\/product\/yoast-seo-wordpress\/ -->\n<title>Orientierungslauf Ticino - D\u00f6tra - Campra Alpine Lodge &amp; Spa<\/title>\n<meta name=\"robots\" content=\"index, follow, max-snippet:-1, max-image-preview:large, max-video-preview:-1\" \/>\n<link rel=\"canonical\" href=\"https:\/\/campralodge.ch\/de\/events\/orientierungslauf-ticino-doetra\/\" \/>\n<meta property=\"og:locale\" content=\"de_DE\" \/>\n<meta property=\"og:type\" content=\"article\" \/>\n<meta property=\"og:title\" content=\"Orientierungslauf Ticino - D\u00f6tra - Campra Alpine Lodge &amp; Spa\" \/>\n<meta property=\"og:description\" content=\"Die Vereine O-92 Piano di Magadino und ASCO Lugano organisieren zwei nationale Orientierungsl\u00e4ufe im oberen Bleniotal, die auch als Weltranglistenl\u00e4ufe gelten. Die zweite Veranstaltung findet am Sonntag, dem 28. August,\" \/>\n<meta property=\"og:url\" content=\"https:\/\/campralodge.ch\/de\/events\/orientierungslauf-ticino-doetra\/\" \/>\n<meta property=\"og:site_name\" content=\"Campra Alpine Lodge &amp; Spa\" \/>\n<meta property=\"article:publisher\" content=\"https:\/\/www.facebook.com\/campralodge\/?modal=admin_todo_tour\" \/>\n<meta property=\"og:image\" content=\"https:\/\/campralodge.ch\/wp-content\/uploads\/2020\/07\/DSC_3133web.jpg\" \/>\n\t<meta property=\"og:image:width\" content=\"2500\" \/>\n\t<meta property=\"og:image:height\" content=\"1667\" \/>\n\t<meta property=\"og:image:type\" content=\"image\/jpeg\" \/>\n<meta name=\"twitter:card\" content=\"summary_large_image\" \/>\n<script type=\"application\/ld+json\" class=\"yoast-schema-graph\">{\"@context\":\"https:\\\/\\\/schema.org\",\"@graph\":[{\"@type\":\"WebPage\",\"@id\":\"https:\\\/\\\/campralodge.ch\\\/de\\\/events\\\/orientierungslauf-ticino-doetra\\\/\",\"url\":\"https:\\\/\\\/campralodge.ch\\\/de\\\/events\\\/orientierungslauf-ticino-doetra\\\/\",\"name\":\"Orientierungslauf Ticino - D\u00f6tra - Campra Alpine Lodge &amp; Spa\",\"isPartOf\":{\"@id\":\"https:\\\/\\\/campralodge.ch\\\/de\\\/#website\"},\"primaryImageOfPage\":{\"@id\":\"https:\\\/\\\/campralodge.ch\\\/de\\\/events\\\/orientierungslauf-ticino-doetra\\\/#primaryimage\"},\"image\":{\"@id\":\"https:\\\/\\\/campralodge.ch\\\/de\\\/events\\\/orientierungslauf-ticino-doetra\\\/#primaryimage\"},\"thumbnailUrl\":\"https:\\\/\\\/campralodge.ch\\\/wp-content\\\/uploads\\\/2022\\\/02\\\/image-e1646036955362.jpg\",\"datePublished\":\"2022-02-28T08:26:10+00:00\",\"breadcrumb\":{\"@id\":\"https:\\\/\\\/campralodge.ch\\\/de\\\/events\\\/orientierungslauf-ticino-doetra\\\/#breadcrumb\"},\"inLanguage\":\"de\",\"potentialAction\":[{\"@type\":\"ReadAction\",\"target\":[\"https:\\\/\\\/campralodge.ch\\\/de\\\/events\\\/orientierungslauf-ticino-doetra\\\/\"]}]},{\"@type\":\"ImageObject\",\"inLanguage\":\"de\",\"@id\":\"https:\\\/\\\/campralodge.ch\\\/de\\\/events\\\/orientierungslauf-ticino-doetra\\\/#primaryimage\",\"url\":\"https:\\\/\\\/campralodge.ch\\\/wp-content\\\/uploads\\\/2022\\\/02\\\/image-e1646036955362.jpg\",\"contentUrl\":\"https:\\\/\\\/campralodge.ch\\\/wp-content\\\/uploads\\\/2022\\\/02\\\/image-e1646036955362.jpg\",\"width\":1600,\"height\":900,\"caption\":\"Olivone, Wegweiser\"},{\"@type\":\"BreadcrumbList\",\"@id\":\"https:\\\/\\\/campralodge.ch\\\/de\\\/events\\\/orientierungslauf-ticino-doetra\\\/#breadcrumb\",\"itemListElement\":[{\"@type\":\"ListItem\",\"position\":1,\"name\":\"Home\",\"item\":\"https:\\\/\\\/campralodge.ch\\\/de\\\/\"},{\"@type\":\"ListItem\",\"position\":2,\"name\":\"Veranstaltungen\",\"item\":\"https:\\\/\\\/campralodge.ch\\\/de\\\/events\\\/\"},{\"@type\":\"ListItem\",\"position\":3,\"name\":\"Orientierungslauf Ticino &#8211; D\u00f6tra\"}]},{\"@type\":\"WebSite\",\"@id\":\"https:\\\/\\\/campralodge.ch\\\/de\\\/#website\",\"url\":\"https:\\\/\\\/campralodge.ch\\\/de\\\/\",\"name\":\"Campra Alpine Lodge &amp; Spa\",\"description\":\"Valle di Blenio\",\"publisher\":{\"@id\":\"https:\\\/\\\/campralodge.ch\\\/de\\\/#organization\"},\"potentialAction\":[{\"@type\":\"SearchAction\",\"target\":{\"@type\":\"EntryPoint\",\"urlTemplate\":\"https:\\\/\\\/campralodge.ch\\\/de\\\/?s={search_term_string}\"},\"query-input\":{\"@type\":\"PropertyValueSpecification\",\"valueRequired\":true,\"valueName\":\"search_term_string\"}}],\"inLanguage\":\"de\"},{\"@type\":\"Organization\",\"@id\":\"https:\\\/\\\/campralodge.ch\\\/de\\\/#organization\",\"name\":\"Campra Alpine Lodge & Spa\",\"url\":\"https:\\\/\\\/campralodge.ch\\\/de\\\/\",\"logo\":{\"@type\":\"ImageObject\",\"inLanguage\":\"de\",\"@id\":\"https:\\\/\\\/campralodge.ch\\\/de\\\/#\\\/schema\\\/logo\\\/image\\\/\",\"url\":\"https:\\\/\\\/campralodge.ch\\\/wp-content\\\/uploads\\\/2020\\\/04\\\/campralodge_logo_positivo.svg\",\"contentUrl\":\"https:\\\/\\\/campralodge.ch\\\/wp-content\\\/uploads\\\/2020\\\/04\\\/campralodge_logo_positivo.svg\",\"width\":\"1024\",\"height\":\"1024\",\"caption\":\"Campra Alpine Lodge & Spa\"},\"image\":{\"@id\":\"https:\\\/\\\/campralodge.ch\\\/de\\\/#\\\/schema\\\/logo\\\/image\\\/\"},\"sameAs\":[\"https:\\\/\\\/www.facebook.com\\\/campralodge\\\/?modal=admin_todo_tour\",\"https:\\\/\\\/www.instagram.com\\\/campralodge\\\/\"]}]}<\/script>\n<!-- \/ Yoast SEO plugin. -->","yoast_head_json":{"title":"Orientierungslauf Ticino - D\u00f6tra - Campra Alpine Lodge &amp; Spa","robots":{"index":"index","follow":"follow","max-snippet":"max-snippet:-1","max-image-preview":"max-image-preview:large","max-video-preview":"max-video-preview:-1"},"canonical":"https:\/\/campralodge.ch\/de\/events\/orientierungslauf-ticino-doetra\/","og_locale":"de_DE","og_type":"article","og_title":"Orientierungslauf Ticino - D\u00f6tra - Campra Alpine Lodge &amp; Spa","og_description":"Die Vereine O-92 Piano di Magadino und ASCO Lugano organisieren zwei nationale Orientierungsl\u00e4ufe im oberen Bleniotal, die auch als Weltranglistenl\u00e4ufe gelten. Die zweite Veranstaltung findet am Sonntag, dem 28. August,","og_url":"https:\/\/campralodge.ch\/de\/events\/orientierungslauf-ticino-doetra\/","og_site_name":"Campra Alpine Lodge &amp; Spa","article_publisher":"https:\/\/www.facebook.com\/campralodge\/?modal=admin_todo_tour","og_image":[{"width":2500,"height":1667,"url":"https:\/\/campralodge.ch\/wp-content\/uploads\/2020\/07\/DSC_3133web.jpg","type":"image\/jpeg"}],"twitter_card":"summary_large_image","schema":{"@context":"https:\/\/schema.org","@graph":[{"@type":"WebPage","@id":"https:\/\/campralodge.ch\/de\/events\/orientierungslauf-ticino-doetra\/","url":"https:\/\/campralodge.ch\/de\/events\/orientierungslauf-ticino-doetra\/","name":"Orientierungslauf Ticino - D\u00f6tra - Campra Alpine Lodge &amp; Spa","isPartOf":{"@id":"https:\/\/campralodge.ch\/de\/#website"},"primaryImageOfPage":{"@id":"https:\/\/campralodge.ch\/de\/events\/orientierungslauf-ticino-doetra\/#primaryimage"},"image":{"@id":"https:\/\/campralodge.ch\/de\/events\/orientierungslauf-ticino-doetra\/#primaryimage"},"thumbnailUrl":"https:\/\/campralodge.ch\/wp-content\/uploads\/2022\/02\/image-e1646036955362.jpg","datePublished":"2022-02-28T08:26:10+00:00","breadcrumb":{"@id":"https:\/\/campralodge.ch\/de\/events\/orientierungslauf-ticino-doetra\/#breadcrumb"},"inLanguage":"de","potentialAction":[{"@type":"ReadAction","target":["https:\/\/campralodge.ch\/de\/events\/orientierungslauf-ticino-doetra\/"]}]},{"@type":"ImageObject","inLanguage":"de","@id":"https:\/\/campralodge.ch\/de\/events\/orientierungslauf-ticino-doetra\/#primaryimage","url":"https:\/\/campralodge.ch\/wp-content\/uploads\/2022\/02\/image-e1646036955362.jpg","contentUrl":"https:\/\/campralodge.ch\/wp-content\/uploads\/2022\/02\/image-e1646036955362.jpg","width":1600,"height":900,"caption":"Olivone, Wegweiser"},{"@type":"BreadcrumbList","@id":"https:\/\/campralodge.ch\/de\/events\/orientierungslauf-ticino-doetra\/#breadcrumb","itemListElement":[{"@type":"ListItem","position":1,"name":"Home","item":"https:\/\/campralodge.ch\/de\/"},{"@type":"ListItem","position":2,"name":"Veranstaltungen","item":"https:\/\/campralodge.ch\/de\/events\/"},{"@type":"ListItem","position":3,"name":"Orientierungslauf Ticino &#8211; D\u00f6tra"}]},{"@type":"WebSite","@id":"https:\/\/campralodge.ch\/de\/#website","url":"https:\/\/campralodge.ch\/de\/","name":"Campra Alpine Lodge &amp; Spa","description":"Valle di Blenio","publisher":{"@id":"https:\/\/campralodge.ch\/de\/#organization"},"potentialAction":[{"@type":"SearchAction","target":{"@type":"EntryPoint","urlTemplate":"https:\/\/campralodge.ch\/de\/?s={search_term_string}"},"query-input":{"@type":"PropertyValueSpecification","valueRequired":true,"valueName":"search_term_string"}}],"inLanguage":"de"},{"@type":"Organization","@id":"https:\/\/campralodge.ch\/de\/#organization","name":"Campra Alpine Lodge & Spa","url":"https:\/\/campralodge.ch\/de\/","logo":{"@type":"ImageObject","inLanguage":"de","@id":"https:\/\/campralodge.ch\/de\/#\/schema\/logo\/image\/","url":"https:\/\/campralodge.ch\/wp-content\/uploads\/2020\/04\/campralodge_logo_positivo.svg","contentUrl":"https:\/\/campralodge.ch\/wp-content\/uploads\/2020\/04\/campralodge_logo_positivo.svg","width":"1024","height":"1024","caption":"Campra Alpine Lodge & Spa"},"image":{"@id":"https:\/\/campralodge.ch\/de\/#\/schema\/logo\/image\/"},"sameAs":["https:\/\/www.facebook.com\/campralodge\/?modal=admin_todo_tour","https:\/\/www.instagram.com\/campralodge\/"]}]}},"_links":{"self":[{"href":"https:\/\/campralodge.ch\/de\/wp-json\/wp\/v2\/mec-events\/34091","targetHints":{"allow":["GET"]}}],"collection":[{"href":"https:\/\/campralodge.ch\/de\/wp-json\/wp\/v2\/mec-events"}],"about":[{"href":"https:\/\/campralodge.ch\/de\/wp-json\/wp\/v2\/types\/mec-events"}],"author":[{"embeddable":true,"href":"https:\/\/campralodge.ch\/de\/wp-json\/wp\/v2\/users\/2"}],"wp:featuredmedia":[{"embeddable":true,"href":"https:\/\/campralodge.ch\/de\/wp-json\/wp\/v2\/media\/34095"}],"wp:attachment":[{"href":"https:\/\/campralodge.ch\/de\/wp-json\/wp\/v2\/media?parent=34091"}],"wp:term":[{"taxonomy":"post_tag","embeddable":true,"href":"https:\/\/campralodge.ch\/de\/wp-json\/wp\/v2\/tags?post=34091"},{"taxonomy":"mec_category","embeddable":true,"href":"https:\/\/campralodge.ch\/de\/wp-json\/wp\/v2\/mec_category?post=34091"}],"curies":[{"name":"wp","href":"https:\/\/api.w.org\/{rel}","templated":true}]}}

Orientierungslauf Ticino &#8211; Dötra

<p>Die Vereine O-92 Piano di Magadino und ASCO Lugano organisieren zwei nationale Orientierungsläufe im oberen Bleniotal, die auch als Weltranglistenläufe gelten. Die zweite Veranstaltung findet am Sonntag, dem 28. August, mit einem Langstreckenrennen in Dötra-Anveuda statt.</p>

<p>Die Vereine O-92 Piano di Magadino und ASCO Lugano organisieren zwei nationale Orientierungsläufe im oberen Bleniotal, die auch als Weltranglistenläufe gelten. Die zweite Veranstaltung findet am Sonntag, dem 28. August,</p>

<!-- This site is optimized with the Yoast SEO plugin v27.5 - https://yoast.com/product/yoast-seo-wordpress/ -->
<title>Orientierungslauf Ticino - Dötra - Campra Alpine Lodge &amp; Spa</title>
<meta name="robots" content="index, follow, max-snippet:-1, max-image-preview:large, max-video-preview:-1" />
<link rel="canonical" href="https://campralodge.ch/de/events/orientierungslauf-ticino-doetra/" />
<meta property="og:locale" content="de_DE" />
<meta property="og:type" content="article" />
<meta property="og:title" content="Orientierungslauf Ticino - Dötra - Campra Alpine Lodge &amp; Spa" />
<meta property="og:description" content="Die Vereine O-92 Piano di Magadino und ASCO Lugano organisieren zwei nationale Orientierungsläufe im oberen Bleniotal, die auch als Weltranglistenläufe gelten. Die zweite Veranstaltung findet am Sonntag, dem 28. August," />
<meta property="og:url" content="https://campralodge.ch/de/events/orientierungslauf-ticino-doetra/" />
<meta property="og:site_name" content="Campra Alpine Lodge &amp; Spa" />
<meta property="article:publisher" content="https://www.facebook.com/campralodge/?modal=admin_todo_tour" />
<meta property="og:image" content="https://campralodge.ch/wp-content/uploads/2020/07/DSC_3133web.jpg" />
	<meta property="og:image:width" content="2500" />
	<meta property="og:image:height" content="1667" />
	<meta property="og:image:type" content="image/jpeg" />
<meta name="twitter:card" content="summary_large_image" />
<script type="application/ld+json" class="yoast-schema-graph">{"@context":"https:\/\/schema.org","@graph":[{"@type":"WebPage","@id":"https:\/\/campralodge.ch\/de\/events\/orientierungslauf-ticino-doetra\/","url":"https:\/\/campralodge.ch\/de\/events\/orientierungslauf-ticino-doetra\/","name":"Orientierungslauf Ticino - Dötra - Campra Alpine Lodge &amp; Spa","isPartOf":{"@id":"https:\/\/campralodge.ch\/de\/#website"},"primaryImageOfPage":{"@id":"https:\/\/campralodge.ch\/de\/events\/orientierungslauf-ticino-doetra\/#primaryimage"},"image":{"@id":"https:\/\/campralodge.ch\/de\/events\/orientierungslauf-ticino-doetra\/#primaryimage"},"thumbnailUrl":"https:\/\/campralodge.ch\/wp-content\/uploads\/2022\/02\/image-e1646036955362.jpg","datePublished":"2022-02-28T08:26:10+00:00","breadcrumb":{"@id":"https:\/\/campralodge.ch\/de\/events\/orientierungslauf-ticino-doetra\/#breadcrumb"},"inLanguage":"de","potentialAction":[{"@type":"ReadAction","target":["https:\/\/campralodge.ch\/de\/events\/orientierungslauf-ticino-doetra\/"]}]},{"@type":"ImageObject","inLanguage":"de","@id":"https:\/\/campralodge.ch\/de\/events\/orientierungslauf-ticino-doetra\/#primaryimage","url":"https:\/\/campralodge.ch\/wp-content\/uploads\/2022\/02\/image-e1646036955362.jpg","contentUrl":"https:\/\/campralodge.ch\/wp-content\/uploads\/2022\/02\/image-e1646036955362.jpg","width":1600,"height":900,"caption":"Olivone, Wegweiser"},{"@type":"BreadcrumbList","@id":"https:\/\/campralodge.ch\/de\/events\/orientierungslauf-ticino-doetra\/#breadcrumb","itemListElement":[{"@type":"ListItem","position":1,"name":"Home","item":"https:\/\/campralodge.ch\/de\/"},{"@type":"ListItem","position":2,"name":"Veranstaltungen","item":"https:\/\/campralodge.ch\/de\/events\/"},{"@type":"ListItem","position":3,"name":"Orientierungslauf Ticino &#8211; Dötra"}]},{"@type":"WebSite","@id":"https:\/\/campralodge.ch\/de\/#website","url":"https:\/\/campralodge.ch\/de\/","name":"Campra Alpine Lodge &amp; Spa","description":"Valle di Blenio","publisher":{"@id":"https:\/\/campralodge.ch\/de\/#organization"},"potentialAction":[{"@type":"SearchAction","target":{"@type":"EntryPoint","urlTemplate":"https:\/\/campralodge.ch\/de\/?s={search_term_string}"},"query-input":{"@type":"PropertyValueSpecification","valueRequired":true,"valueName":"search_term_string"}}],"inLanguage":"de"},{"@type":"Organization","@id":"https:\/\/campralodge.ch\/de\/#organization","name":"Campra Alpine Lodge & Spa","url":"https:\/\/campralodge.ch\/de\/","logo":{"@type":"ImageObject","inLanguage":"de","@id":"https:\/\/campralodge.ch\/de\/#\/schema\/logo\/image\/","url":"https:\/\/campralodge.ch\/wp-content\/uploads\/2020\/04\/campralodge_logo_positivo.svg","contentUrl":"https:\/\/campralodge.ch\/wp-content\/uploads\/2020\/04\/campralodge_logo_positivo.svg","width":"1024","height":"1024","caption":"Campra Alpine Lodge & Spa"},"image":{"@id":"https:\/\/campralodge.ch\/de\/#\/schema\/logo\/image\/"},"sameAs":["https:\/\/www.facebook.com\/campralodge\/?modal=admin_todo_tour","https:\/\/www.instagram.com\/campralodge\/"]}]}</script>
<!-- / Yoast SEO plugin. -->

Orientierungslauf Ticino - Dötra - Campra Alpine Lodge &amp; Spa

Die Vereine O-92 Piano di Magadino und ASCO Lugano organisieren zwei nationale Orientierungsläufe im oberen Bleniotal, die auch als Weltranglistenläufe gelten. Die zweite Veranstaltung findet am Sonntag, dem 28. August,
